= 0. Suppose 5*j - 4*o - 174 = 0, n = -3*j - o + 11 + 90. Calculate the remainder when j is divided by 12.
10
Suppose i + 3*p = 4*i - 30, -5*p - 29 = -2*i. Calculate the remainder when 41 is divided by (-8)/(-28) + 145/i.
20
Let g(o) = -o - 3. Let r be g(-6). Suppose 0 = -4*i + 13 + r. Suppose 3*f - 3*y = -2*f + 127, -134 = -5*f - i*y. Calculate the remainder when f is divided by 9.
8
Let u(n) = -2*n + 2. Let j be 6/9 + 4/3. Suppose 4*p - 4*g - g = 113, -j*g - 120 = -5*p. What is the remainder when p is divided by u(-3)?
6
Suppose p = -0*p + 9. What is the remainder when 26 is divided by p?
8
Suppose -3*h - 32 = -2*a, -h - h - 3*a = 17. Let k be ((-28)/5)/(2/h). Suppose -k = -2*l - 0*l. What is the remainder when 26 is divided by l?
12
Let g(k) = -14*k - 52. Calculate the remainder when 86 is divided by g(-5).
14
Suppose -2*q - 2*l - 4 = -3*q, 4*q = -4*l + 16. Let h = q - 0. What is the remainder when 13 is divided by h?
1
Let x(k) be the second derivative of -k**5/20 - k**4/12 + k**3/6 - k. Calculate the remainder when -3*6/(-9) - -3 is divided by x(-2).
1
Let z = 20 - 5. What is the remainder when 57 is divided by z?
12
Let h(k) = -k**3 + 6*k**2 + 10*k - 9. Calculate the remainder when 45 is divided by h(7).
9
Let c = 18 + -46. Let j = c - -46. What is the remainder when (4 - -2)/(-2 + (-108)/(-51)) is divided by j?
15
Let c(z) = -z**2 + 8*z - 6. Let p be (-33)/(-3) + -2 + 1. Let k(h) = h**3 - 10*h**2 + 2*h + 14. Calculate the remainder when k(p) is divided by c(5).
7
Let q(r) = r**2 + 19. Let o be q(0). Let a be 84/49 + (-2)/(-7). Suppose -o = -a*p + 11. What is the remainder when 44 is divided by p?
14
Suppose m - d = 0, 5*m + d - 14 = 16. Suppose 3*o - 2*o = m. Suppose -2*y - 2*y - 5*r - 5 = 0, 5*y = o*r + 50. Calculate the remainder when y is divided by 2.
1
Let d(l) = l - 4. Let o be d(4). Suppose -r + 1 = o, 4*f + r - 90 + 13 = 0. What is the remainder when 37 is divided by f?
18
Suppose 2*i - 135 = -3*a, 3*a - a = 5*i + 109. What is the remainder when a is divided by 8?
7
Let w = 108 - 97. What is the remainder when w is divided by ((-6)/4)/((-2)/4)?
2
Suppose y + 30 = -0*t + 4*t, 0 = 2*t - y - 14. What is the remainder when t is divided by (-8)/(-6) - ((-616)/(-24))/(-7)?
3
Let b = -4 - -10. Suppose 5*w - 2*h - 66 = 0, -2*h = -w - b*h. What is the remainder when 34 is divided by w?
10
Suppose 1 = -w, -x + 5*x - 5*w - 141 = 0. Calculate the remainder when 63 is divided by x.
29
Let m(q) be the second derivative of q**5/5 - q**4/4 + q**3/6 - q. What is the remainder when m(2) is divided by 8?
6
Suppose -165 = 3*p - 6*p. Suppose 0 = -r - 5*o + 29, 0*o + 3*o = -r + 25. What is the remainder when p is divided by r?
17
Let r = -66 + 91. What is the remainder when 174 is divided by r?
24
Let m(v) = -2*v**2 + 46*v + 9. Suppose 130 = o + 4*o. Calculate the remainder when o is divided by m(23).
8
Calculate the remainder when 25 is divided by (-3)/(3 - (-24)/(-7)).
4
Let n = -24 - -35. Let m be ((-285)/4)/(1/(-4)). What is the remainder when 4/(-6) - m/(-9) is divided by n?
9
Let l = 0 + 10. Let u = -1 + l. Suppose j = 19 + u. What is the remainder when j is divided by 10?
8
Suppose -35 = -3*r + 10. What is the remainder when r is divided by 8?
7
Let t be (3 - 4/4) + 50. Suppose 3*z + 7 = t. Suppose -f = -0*f - 27. Calculate the remainder when f is divided by z.
12
Let k = -177 - -254. Calculate the remainder when k is divided by 40.
37
Suppose -g + 17 = 2*z - 6, -3*g + z + 76 = 0. What is the remainder when g is divided by 9?
7
Suppose -118 = -4*n - 2*x, 0 = n - 0*n + 3*x - 27. Suppose -5*u + 3*u + n = 0. Calculate the remainder when 58 is divided by u.
13
Suppose 2*d + 112 = 4*v, 5*d - 5*v + 117 = 3*d. Calculate the remainder when 14 is divided by (-2)/(-6) - d/6.
6
Let m = 2 - 3. Let r = m + 9. Calculate the remainder when r is divided by ((-3)/1)/(15/(-25)).
3
Let b = -29 - -64. Calculate the remainder when 67 is divided by b.
32
Let q(s) = -2*s - 3. Suppose h = -w - 7, 0 = -h - 0*w - 3*w - 3. Suppose -n + 64 + 56 = 4*l, 5*n = -4*l + 136. What is the remainder when l is divided by q(h)?
14
Suppose 2*s = 6*s - 64. What is the remainder when 29 is divided by s?
13
Suppose 4*p - 116 = -4*s, 0*p = -3*p - 4*s + 88. Let g(b) = b**2 - b + 4. Let c = 0 - -3. Calculate the remainder when p is divided by g(c).
8
Let r(g) be the first derivative of 22*g**3/3 - g**2 - 3*g - 1. Let a be r(-2). Let x = a + -28. What is the remainder when x is divided by 21?
19
Let m = 54 + -11. Let t(g) = g**2 - 3*g - 6. Let l be t(6). Suppose l = n + 1. What is the remainder when m is divided by n?
10
Let n be 4 + -3 + (1 - -1). Let c = 0 + n. What is the remainder when 9 is divided by c?
0
Suppose -5*h - 36 = -8*h. Calculate the remainder when h is divided by 8.
4
Suppose 0 = -4*x + 52. What is the remainder when x is divided by 3?
1
Suppose -2*f - f + 3 = 0. Let s be 11 + (3 - f - 3). What is the remainder when 19 is divided by (-4)/s + 52/5?
9
Suppose -2*t - 2*t = -8. Suppose -p + h = -4, 3*p - 4*h - 11 = -t*h. What is the remainder when 6 is divided by -2 + -2 + p + 3?
0
Suppose -3*s + 2*y + 81 = 7*y, 0 = -2*s - y + 54. Suppose v + s = -1. Let m = -10 - v. Calculate the remainder when m is divided by 5.
3
Let l = -66 - -94. Let g(i) = -i + 8. Let t be g(0). What is the remainder when l is divided by t/3*15/4?
8
Suppose 172 = -4*s + 2*i, -2*s + s - 53 = 2*i. Calculate the remainder when (120/9)/((-6)/s) is divided by 34.
32
Let v(r) = r + 1. Let i(f) = f**3 - 5*f**2 + 8*f + 7. Let c(o) = -i(o) + 6*v(o). Calculate the remainder when c(4) is divided by 2.
1
Let q(b) = b**3 + 3*b**2 - 3*b - 3. Let m be q(-2). Suppose -3 = -3*d + 9, 5*a + 5*d - 55 = 0. What is the remainder when m*2 - (-5 - -6) is divided by a?
6
Suppose -5*o = 8 - 23. Suppose 3*d - 2*n - 36 = -o*n, 0 = -3*n. Suppose -c - 2*c = u - 5, 0 = -2*u - 4*c + d. Calculate the remainder when u is divided by 5.
3
What is the remainder when 256 is divided by 262/6 + (-6)/9?
41
Suppose 0*c = 5*c - 160. Let q(s) = -s + 6. What is the remainder when c is divided by q(-11)?
15
What is the remainder when ((-88)/12)/(3/(-9)) is divided by 12*(-3 + (-22)/(-6))?
6
Let o(p) = p**2 + 7*p + 10. Let d(h) = -h**2 - h - 1. Let c be d(-3). Calculate the remainder when o(c) is divided by 4.
2
Let m(f) = -f**2 - 15*f - 13. What is the remainder when m(-13) is divided by 5?
3
Let o(b) = -3*b + 2. What is the remainder when 54 is divided by o(-4)?
12
Suppose 4*g + 0*g - 12 = 0. Suppose -39 = -g*h + 3. Let w = h + -8. What is the remainder when w is divided by 3?
0
Suppose 178 + 255 = 3*t + 2*g, 0 = -5*g - 5. Suppose 33 - t = -2*h. Calculate the remainder when h is divided by 19.
18
What is the remainder when (-6)/2 + (-320)/(-16) is divided by 9?
8
Suppose 4*z + 0 - 20 = 0. Calculate the remainder when 7 is divided by z.
2
Let c(u) = 3*u**3 + u**2 + 2*u + 1. Let b be c(-1). Let s = b - -9. What is the remainder when (2 + -19)*(0 - 1) is divided by s?
5
Suppose 5*q = z - 19, z - 3*q - 11 = -6*q. Let k = 95 - 55. Calculate the remainder when k is divided by z.
12
Let c(s) = 3*s + 2*s**2 + s**3 + 2*s**2 + 0*s**3. Let u be c(-3). Suppose -w + 4*w - 111 = u. Calculate the remainder when w is divided by 19.
18
Suppose 3*f + 3*i = -2*f - 11, -2*i = 4*f + 8. Let w = 2 + f. What is the remainder when (4 - -1) + -2 + -1 is divided by w?
0
Let a = -6 - -17. Let b(f) = 0 + 0 - a*f. Calculate the remainder when b(-2) is divided by 12.
10
What is the remainder when 6/(-9)*-3 - -61 is divided by 2*(5 - -2) - -2?
15
Let c(x) = -x**3 - 2*x**2 - 2*x + 2. What is the remainder when c(-4) is divided by 15?
12
Let z = -12 - -6. Calculate the remainder when 7 is divided by 2/z + 100/30.
1
Suppose 5*q - 6 = 14. Suppose -3*y + 10 = -y - 5*g, 3*g = -q*y + 20. What is the remainder when 8 is divided by y?
3
Suppose -2*x + 17 = -r, 5*r + 13 + 12 = 0. Let n(b) = b**3 + b + 25. Let v be n(0). Let j = 41 - v. What is the remainder when j is divided by x?
4
Let p = 11 + -6. Let a be (13 + 0)*5/5. Let c = 22 - a. Calculate the remainder when c is divided by p.
4
What is the remainder when 53 is divided by 1*14*(-8 + 9)?
11
What is the remainder when 230 is divided by (((-1)/3)/(-1))/((-2)/(-198))?
32
Let k = 8 - 5. Let b(j) = 3 - 4 + j - 4. Calculate the remai